te number?
True
Is 479 a composite number?
False
Is 64231 a composite number?
False
Is 269267 a composite number?
True
Is 22299 composite?
True
Is 293 a composite number?
False
Is 84209 composite?
True
Is 20887 composite?
False
Is 17219 prime?
False
Is 23455 composite?
True
Is 20047 a composite number?
False
Is 23701 a prime number?
False
Is 276233 a prime number?
False
Is 324113 a composite number?
False
Is 130379 a composite number?
False
Is 1875203 a prime number?
False
Is 51089 a prime number?
False
Is 23017 a composite number?
False
Is 577 composite?
False
Is 3134 composite?
True
Is 28751 a composite number?
False
Is 28505 composite?
True
Is 6067 a prime number?
True
Is 464963 a composite number?
False
Is 45777 a prime number?
False
Is 1027 a composite number?
True
Is 258337 prime?
True
Is 7477 a composite number?
False
Is 94469 composite?
True
Is 1200085 prime?
False
Is 281051 a prime number?
False
Is 26879 prime?
True
Is 64811 prime?
True
Is 131591 a prime number?
True
Is 3983 composite?
True
Is 118651 a prime number?
False
Is 1481 composite?
False
Is 23369 a composite number?
False
Is 9683 composite?
True
Is 16217 prime?
True
Is 29263 a prime number?
False
Is 269641 composite?
False
Is 18347 prime?
False
Is 1082 a composite number?
True
Is 5039 composite?
False
Is 37847 prime?
True
Is 177467 a prime number?
True
Is 3697 prime?
True
Is 128827 a prime number?
False
Is 141935 a prime number?
False
Is 43315 composite?
True
Is 12533 a composite number?
True
Is 79711 a composite number?
True
Is 461885 prime?
False
Is 55285 a prime number?
False
Is 2741 composite?
False
Is 53401 composite?
False
Is 22921 prime?
True
Is 32959 composite?
True
Is 7627 composite?
True
Is 6646 a prime number?
False
Is 408731 a prime number?
False
Is 2151553 composite?
True
Is 252427 composite?
True
Is 550391 prime?
False
Is 48647 composite?
False
Is 9239 composite?
False
Is 32345 prime?
False
Is 100769 prime?
True
Is 7103 a composite number?
False
Is 223303 prime?
True
Is 66919 a prime number?
True
Is 12071 a prime number?
True
Is 195911 a composite number?
True
Is 178393 prime?
True
Is 25271 a composite number?
True
Is 197441 a composite number?
False
Is 4269277 a prime number?
True
Is 48491 a prime number?
True
Is 10903 prime?
True
Is 90499 composite?
False
Is 44413 a prime number?
False
Is 7639 composite?
False
Is 24437 composite?
True
Is 14138 a prime number?
False
Is 49303 a prime number?
False
Is 18119 composite?
False
Is 188417 prime?
True
Is 56837 composite?
True
Is 27385 a prime number?
False
Is 37763 a prime number?
False
Is 35285 composite?
True
Is 73838 a prime number?
False
Is 69087 a prime number?
False
Is 31907 a composite number?
False
Is 46891 a composite number?
True
Is 568109 a composite number?
False
Is 1037411 a prime number?
True
Is 634427 a prime number?
False
Is 41053 composite?
True
Is 5077 a prime number?
True
Is 1082 composite?
True
Is 50647 a composite number?
False
Is 220279 prime?
True
Is 16273 a composite number?
False
Is 235091 prime?
True
Is 1512409 composite?
True
Is 48383 prime?
True
Is 95701 a composite number?
False
Is 441289 a composite number?
True
Is 6089 a prime number?
True
Is 153499 a prime number?
True
Is 882169 prime?
True
Is 12013 a composite number?
True
Is 17543 prime?
False
Is 104929 composite?
True
Is 8117 composite?
False
Is 77191 composite?
False
Is 4711 composite?
True
Is 15293 a prime number?
False
Is 67211 prime?
True
Is 57691 a prime number?
False
Is 19661 a prime number?
True
Is 43573 a composite number?
False
Is 208957 a composite number?
True
Is 85369 a prime number?
True
Is 3049343 prime?
False
Is 60373 a prime number?
True
Is 5507 prime?
True
Is 131801 a prime number?
False
Is 91507 composite?
True
Is 1656013 composite?
False
Is 390581 a composite number?
False
Is 67391 composite?
False
Is 226183 prime?
True
Is 448165 a prime number?
False
Is 502577 prime?
False
Is 52409 a prime number?
False
Is 107013 composite?
True
Is 9229 prime?
False
Is 39157 composite?
False
Is 247405 prime?
False
Is 11249 composite?
True
Is 2547565 a composite number?
True
Is 64553 prime?
True
Is 47723 a composite number?
True
Is 90049 prime?
False
Is 151867 a prime number?
False
Is 262187 composite?
False
Is 788786 a prime number?
False
Is 303701 a composite number?
True
Is 422741 composite?
True
Is 2521 a prime number?
True
Is 2463 composite?
True
Is 79993 prime?
False
Is 424439 composite?
True
Is 257 composite?
False
Is 21343 composite?
True
Is 1293 prime?
False
Is 519063 a prime number?
False
Is 49721 a composite number?
True
Is 19913 a composite number?
False
Is 32083 a composite number?
False
Is 12133 a prime number?
False
Is 42667 composite?
False
Is 741401 prime?
True
Is 1637 prime?
True
Is 1262 a composite number?
True
Is 25007 prime?
False
Is 496163 a composite number?
False
Is 4569 a prime number?
False
Is 8861 a prime number?
True
Is 14521 a prime number?
False
Is 3259369 prime?
True
Is 40483 a prime number?
True
Is 132497 a composite number?
True
Is 26153 prime?
True
Is 28759 a composite number?
False
Is 905783 a composite number?
False
Is 12571 composite?
True
Is 2841941 a composite number?
True
Is 32821 a prime number?
False
Is 10198 a composite number?
True
Is 399827 a composite number?
True
Is 96839 composite?
True
Is 153785 a prime number?
False
Is 4153 a composite number?
False
Is 996953 composite?
False
Is 98671 composite?
True
Is 88405 composite?
True
Is 12991 prime?
False
Is 51449 composite?
False
Is 459419 a prime number?
False
Is 1711 composite?
True
Is 3659 composite?
False
Is 132229 a composite number?
False
Is 20663 prime?
True
Is 10057 a composite number?
True
Is 9745 composite?
True
Is 16291 a composite number?
True
Is 11863 a composite number?
False
Is 9979 prime?
False
Is 174851 a composite number?
False
Is 22739 a prime number?
True
Is 327383 a prime number?
False
Is 72533 prime?
True
Is 598841 prime?
True
Is 414599 a composite number?
True
Is 809 a prime number?
True
Is 397 composite?
False
Is 889 a composite number?
True
Is 2723 prime?
False
Is 1043 prime?
False
Is 72421 prime?
True
Is 4574697 prime?
False
Is 1782987 a prime number?
False
Is 35537 a composite number?
False
Is 901403 prime?
True
Is 50961 prime?
False
Is 6239 a prime number?
False
Is 332393 composite?
False
Is 2467351 a composite number?
False
Is 31307 composite?
False
Is 8353 composite?
False
Is 206963 prime?
False
Is 20567 prime?
False
Is 1511 prime?
True
Is 129613 prime?
False
Is 24439 a prime number?
True
Is 1035509 prime?
False
Is 3859 a prime number?
False
Is 29567 composite?
False
Is 212557 a prime number?
True
Is 5519 composite?
False
Is 15185 a composite number?
True
Is 197803 composite?
False
Is 1177009 a composite number?
False
Is 4073 a prime number?
True
Is 183871 composite?
False
Is 12799 a composite number?
False
Is 2213083 prime?
False
Is 17729 a composite number?
False
Is 57841 a prime number?
False
Is 818 composite?
True
Is 3343 a composite number?
False
Is 56755 composite?
True
Is 14143 a prime number?
True
Is 32531 prime?
True
Is 483061 prime?
True
Is 9667 a prime number?
False
Is 19715 prime?
False
Is 70223 prime?
True
Is 1309463 composite?
False
Is 1931 a composite number?
False
Is 31715 prime?
False
Is 71401 a prime number?
False
Is 69721 a prime number?
False
Is 59531 a composite number?
True
Is 120457 a composite number?
True
Is 6449 composite?
False
Is 92669 a composite number?
False
Is 36467 a composite number?
False
Is 12979 composite?
False
Is 317911 a composite number?
True
Is 1571941 a composite number?
True
Is 72231 a composite number?
True
Is 44593 a composite number?
True
Is 1169929 composite?
False
Is 24317 prime?
True
Is 8581 a prime number?
True
Is 506333 composite?
False
Is 199979 a prime number?
False
Is 41645 composite?
True
Is 284969 prime?
True
Is 9299 prime?
False
Is 8143 prime?
False
Is 53617 prime?
True
Is 57839 composite?
False
Is 4846 prime?
False
Is 1193 a composite number?
False
Is 45413 a composite number?
False
Is 1913 a composite number?
False
Is 6421 prime?
True
Is 56963 composite?
False
Is 17691 a prime number?
False
Is 14431 composite?
False
Is 14923 a prime number?
True
Is 2947 composite?
True
Is 231797 a composite number?
True
Is 80293 prime?
False
Is 753 a composite numb